et u be 1/(-3) - (1 - 42/(-9)). List the prime factors of 8*(4 - (u/2)/(-12)).
2, 3, 5
Suppose 62*a = 56902 + 69268. What are the prime factors of a?
5, 11, 37
Let b(n) = -4*n - 18. Let r be b(-5). Suppose 3*f = -r*q + 271, 0*q - 266 = -3*f - q. List the prime factors of f.
3, 29
Let j(k) = 60*k**3 + 5*k - 3. Let x be j(2). Suppose -4*s = 5*c - x - 221, 3*c + 12 = 0. What are the prime factors of s?
2, 7, 13
Let w = -140 + 347. Let g = w + 1. What are the prime factors of g?
2, 13
Let b(y) = 8*y**3 - y**2 - 4*y + 3. Suppose -5*u - 25 = -40. Let q be b(u). Suppose 4*n = -2*g + 110 + q, 4*n - 3*g = 318. List the prime factors of n.
2, 3, 13
Let p(z) = 8*z + 1. Let l be p(1). Suppose -3*t - l = -0*t. What are the prime factors of (t - 26*-1) + 2?
5
Let x = 689 - -196. List the prime factors of x.
3, 5, 59
Let f = 143 - 26. Let a = f - 53. List the prime factors of a.
2
Suppose -52*u + 184200 = -2*u. List the prime factors of u.
2, 3, 307
Let j(i) = -89*i + 70. List the prime factors of j(-9).
13, 67
Suppose 3*z = s + 2969, 4*s + 3954 = 4*z + 5*s. What are the prime factors of z?
23, 43
Suppose 0 = 6*p - p - 3*v - 2219, -449 = -p - 2*v. List the prime factors of p.
5, 89
Let g(v) be the first derivative of v**4/4 - 8*v**3/3 + v**2/2 + 3*v - 12. Suppose 5*j - 60 = -5*r, 4*r = -j + 3*j. What are the prime factors of g(j)?
11
Let j = 530 - -1475. List the prime factors of j.
5, 401
Suppose -g - 10 = -11, -4*s + 5*g = -975. What are the prime factors of s?
5, 7
Let g(u) = 4*u**2 - 5*u - 132. What are the prime factors of g(14)?
2, 3, 97
Suppose 16*q + 8*q = 816. List the prime factors of q.
2, 17
Let z(l) = 14*l**2 + 54*l - 7. What are the prime factors of z(-5)?
73
What are the prime factors of 50/12 - 16/96?
2
Suppose k - 316 = -k - 4*g, 2*k - 4*g = 348. Suppose 0 = h - 3*r + 2*r - 50, 0 = 3*h + 5*r - k. What are the prime factors of h/(-10)*25/(-10)?
13
Let p = 573 + -347. List the prime factors of p.
2, 113
Let w(y) be the second derivative of -y**5/20 - y**4/12 + y**3/3 + 44*y**2 - 11*y. What are the prime factors of w(0)?
2, 11
Suppose 0 = -10*q + 8*q + 16. Suppose -q*y = -3*y - 70. What are the prime factors of y?
2, 7
List the prime factors of 0 + ((1256 - 2)/2 - 3).
2, 3, 13
Let z(p) be the second derivative of 0 + 6*p + 55/2*p**2 - 1/6*p**3. What are the prime factors of z(0)?
5, 11
Let t(h) = -h**2 + 10*h - 11. Let p be t(10). List the prime factors of (p - 0)*(7 + -8).
11
Let r = 8 - 3. Let a(u) = -r - u + 3*u**2 + u**3 - u + u**2 - 5*u. What are the prime factors of a(-4)?
23
Let o = 2107 - 1186. What are the prime factors of o?
3, 307
Suppose 5*d - 2*c = -0*c + 8, 7 = 5*d - 3*c. Suppose h + d*h + 562 = 5*a, -3*h = -2*a + 232. List the prime factors of a.
2, 5, 11
Suppose g = l + 3*g + 169, -3*l = -3*g + 471. Let d = -113 - l. Let u = d + -31. What are the prime factors of u?
17
Suppose 663*c - 675*c = -30252. What are the prime factors of c?
2521
Let q(t) = 351*t - 23. List the prime factors of q(1).
2, 41
Let a(v) = -v**2 - 7*v - 7. Let d be a(-4). Suppose 2*y + 2*y + 3*z = 136, 2*z + 193 = d*y. List the prime factors of y.
37
Suppose 9*n - 4*n + 20 = 0. Let r = 45 + -39. What are the prime factors of (30/n)/((-3)/r)?
3, 5
Suppose 4*b = 4 - 8. Let g = b - -4. Suppose -g*y + 2*y - 1 = 0, 3*p = -2*y + 73. What are the prime factors of p?
5
Let f be (0 + -5)*(-160)/5. List the prime factors of (-24)/10*f/(-12).
2
Let x = -342 + 727. List the prime factors of x.
5, 7, 11
Let f(g) = g + 12. Let n be f(-10). What are the prime factors of (117/(-26))/(n/(-8))?
2, 3
Suppose o - 3*o = -100. Suppose 120 = -3*u - 5*u. Let y = u + o. What are the prime factors of y?
5, 7
Suppose 0 = 3*a - h + 63, 4*h - 21 = a + h. Let q be 1/1 + (3 - a). Suppose -3*y - 4*o + q = 0, -2*y - 4*o - 41 = -5*y. What are the prime factors of y?
11
List the prime factors of 1 + 1 + -312*55/(-33).
2, 3, 29
Let w = -174 - -900. List the prime factors of w.
2, 3, 11
Suppose -18 = -13*p + 19*p. Let w(o) = 3*o**2 + 2*o - 5*o**3 - 4*o**2 - 5 + o**3 + o**3. What are the prime factors of w(p)?
61
Suppose 0 = 3*x - 15 - 3. Let l(o) = 15*o - 8. List the prime factors of l(x).
2, 41
Let p = -43 - -62. List the prime factors of 207/4 + 0 - p/(-76).
2, 13
Let a be (-4)/30 - 610/(-75). Let x be 3/6 + 68/a. Let h(f) = 3*f + 9. What are the prime factors of h(x)?
2, 3
Suppose -42*c = -2*n - 46*c + 8254, 3*c + 20648 = 5*n. What are the prime factors of n?
4129
Let s(l) = l**3 + 13*l**2 - l - 13. Let d be s(-13). Suppose -u = -b - 16, 2*b = -d*u + u - 36. List the prime factors of (-3 + 2/1)*b.
2, 5
Let c(w) = -42*w - 499. List the prime factors of c(-26).
593
Let l(q) = 736*q**2 + 18*q + 17. What are the prime factors of l(-1)?
3, 5, 7
Let r(x) = 2*x**2 + 1. Let f be r(-1). Let j be (3/2)/(9/12). Suppose -2*k = -t - 37, -50 = -f*k - t - j. List the prime factors of k.
17
Let y(h) = 6*h**2 + 8*h + 5. Let n be y(5). Suppose -3*t = -2*m + 3*m - 590, 2*m = -t + n. What are the prime factors of t?
197
Let c = 961 - 502. What are the prime factors of c?
3, 17
Let j be 3 + -1 + -1 + -183. Let p = j + 352. List the prime factors of p.
2, 5, 17
Let f(z) = 24*z**2 + 4*z + 32. What are the prime factors of f(-6)?
2, 109
Let a = -577 - -1815. What are the prime factors of a?
2, 619
Suppose 0 = -3*q - 5*d - 8, 0*q - d - 16 = -3*q. Suppose -463 = -q*f - 171. List the prime factors of f.
73
Suppose -1063 = -4*v + 3*q, 3*q = 2*q - 5. Suppose -v - 692 = -6*s. What are the prime factors of s?
3, 53
Let j(u) = -u**2 - 1. Let q(k) = -316*k**2 + 7. Let i(d) = -6*j(d) - q(d). List the prime factors of i(1).
3, 107
Suppose -r - 3856 = -2*d, 3*r + 1208 = -5*d + 10859. What are the prime factors of d?
3, 643
Let s(g) = g**3 + 44*g**2 + 168*g - 71. List the prime factors of s(-38).
47
Let j = -3 - -10. Suppose -v = 3*i - 11, -i + 2*i + 3*v = -j. Suppose f - i = w + 37, -5*f + w = -194. List the prime factors of f.
2, 19
Let q(c) = c**2 - 9*c - 78. What are the prime factors of q(29)?
2, 251
Let d = 403 + -238. Let m = d + -73. List the prime factors of m.
2, 23
Let a be -21*2/(-12)*-4. List the prime factors of 7/(a/8) + 14.
2, 5
Suppose 5*t - 22 = 4*y - 2*y, 21 = 5*t - y. Let q = 8 - t. List the prime factors of q/((-16)/(-76)) - -1.
2, 5
Suppose 25*i - 3011 = 4464. What are the prime factors of i?
13, 23
Suppose 11 = 2*r - 3*x, 5*r - 4*x - 65 = -9*x. Let i be (-36)/r - (-12)/(-30). What are the prime factors of 3/i - (-395)/20?
19
Let x = 335 - -383. List the prime factors of x.
2, 359
Let v(c) = -244*c - 5. What are the prime factors of v(-1)?
239
Let q = -219 - -585. List the prime factors of q.
2, 3, 61
Let s(v) = v - 4. Let x be s(7). Suppose -3*c + 3*b = -x - 30, 4*b = -3*c - 2. Suppose 224 = c*n - 136. List the prime factors of n.
2, 3, 5
Let w be -6*(56/(-12) + 2). What are the prime factors of (-1 + -9)*(-120)/w?
3, 5
Let t(c) = 7*c**2 - 39*c + 389. List the prime factors of t(7).
3, 17
Let v(z) = z + 24. Let y be v(-10). Suppose 17*r = y*r - 474. Let d = -112 - r. What are the prime factors of d?
2, 23
Let p(r) = -r**2 + 6*r - 2. Let y be p(5). Suppose 0 = 3*s - 3*g + 180, 2*s = -0*s - y*g - 100. Let z = s - -96. What are the prime factors of z?
2, 5
Suppose -42*n + 47*n = 3870. What are the prime factors of n?
2, 3, 43
Suppose 0 = -6*d + 3*d - 3*j + 45, j + 57 = 5*d. Let o = 10 - d. List the prime factors of (o/8)/((-1)/148).
37
Let l(h) = h**3 - 14*h**2 - 9*h - 12. Let z be l(15). What are the prime factors of (-3 + z/14)*35?
2, 3, 5
Suppose 2*t - 856 - 150 = 0. List the prime factors of t.
503
Let q(h) = 692*h**2. Let o be q(1). Let t be (5/(5/o))/2. What are the prime factors of (-6)/27 + t/18?
19
Let h = 37 - 25. What are the prime factors of (-414)/h*(-2)/3?
23
Let j = -2166 + 5118. What are the prime factors of j?
2, 3, 41
Suppose 5*y + 415 + 525 = -5*s, -5*y = -2*s + 954. Let m = -40 - y. List the prime factors of m.
2, 3, 5
Let t(g) = g**2 + 26*g + 37. List the prime factors of t(-48).
1093
Suppose -2*y + 1668 + 262 = 0. What are the prime factors of y?
5, 193
Let i(t) = -t**3 - 6*t**2 - 6*t. Let o be i(-4). Let a be -2 - (4 - (o + 1)). Let j = a + 44. What are the prime factors of j?
31
Suppose -b + 3 + 2 = 0. Suppose 24 - 314 = -b*t. Let j = t + -32. List the prime factors of j.
2, 13
Sup